t q be ((-2)/(-12))/(15/45). Let b(n) be the first derivative of -1/3*n**3 - 7 + q*n**2 + n. Determine b(-3).
-11
Let q = -53 - -50. Let i(c) = -c - 4. Let n(l) = -3*l - 9. Let a(d) = 7*i(d) - 3*n(d). Determine a(q).
-7
Let x(a) = -19 - 10 + 0*a**2 + 0*a**2 - 41*a - a**2 + 52*a. Determine x(5).
1
Let j be (25/(-15))/(3/(-9)). Let i(n) = n**3 - 6*n**2 + 5*n + 2. Give i(j).
2
Let d(f) be the first derivative of f**3/3 - 3*f**2 + 4*f - 1. Suppose -y - 4*g + 14 = 0, 4*y - 45*g = -46*g + 26. Calculate d(y).
4
Let h(f) be the second derivative of -f**3/6 - 7*f**2/2 + 37*f. Determine h(-6).
-1
Let x(s) = 3*s + 1. Suppose 0 = -4*o + 2*z - 28, 10*o - 7*o + z = -26. What is x(o)?
-23
Suppose -3*f + 36 = 5*h, 5*h - 5 = -f + 37. Let i(b) = -24 + h*b - b**2 + 30 - 13*b. Give i(4).
-26
Let x(v) be the first derivative of v**4/8 + 2*v**3/3 - v**2/2 + 3. Let u(k) be the second derivative of x(k). Let f = -66 + 62. Determine u(f).
-8
Let u(d) be the second derivative of -d**4/12 + d**3 - 5*d**2/2 + 189*d. Calculate u(8).
-21
Let m(a) be the third derivative of 1/24*a**4 + 0*a - 5/6*a**3 + 0 - 9*a**2. Determine m(-5).
-10
Let o(u) be the first derivative of 1/2*u**2 - 20 + 0*u. What is o(-2)?
-2
Let a = -10 - -14. Let s be (-4)/8 + (-6)/a. Let o(u) = -3*u**3 - 2*u + 1. Let v(j) = -10*j**3 + j**2 - 6*j + 3. Let x(r) = -7*o(r) + 2*v(r). Calculate x(s).
-5
Let u be 7/(21/(-18)) - -2. Let z(r) = -r**3 - 7*r**2 - 5*r + 3. Let s be z(-7). Let h(o) = 3*o - 35 - 2*o - 2*o**2 - o**3 + s - 2*o**2. Give h(u).
-1
Let z(c) = -4*c**2 - 6*c + 15. Let q(f) = -5*f**2 - 6*f + 17. Let n(g) = -5*q(g) + 6*z(g). Let o = 19 + -15. Calculate n(o).
-3
Let i(h) be the third derivative of h**6/120 - 2*h**5/15 + 3*h**4/8 - 3*h**3/2 - 433*h**2. Determine i(7).
5
Let o(d) = -3*d**3 - 17*d**2 - 2*d - 15. Let y(t) = 22*t**3 + 121*t**2 + 15*t + 105. Let f(g) = -15*o(g) - 2*y(g). Calculate f(-13).
15
Let l(r) = 5*r - 23. Let g(s) = -s + 6. Let n(d) = -9*g(d) - 2*l(d). Let m = 7 - 11. Let o be (1 + 18/m)*2. Calculate n(o).
-1
Let f(d) be the second derivative of -7/2*d**2 + 1/6*d**3 + 0 - 19*d. Give f(6).
-1
Let p(j) = j**2 + 10*j + 18. Suppose 0 = -2*o + 6*o - 2*d + 26, 0 = -5*d + 25. What is p(o)?
-6
Let y(d) = -3*d**3 + 5*d**2 + 7*d - 5. Let s(k) = -2*k**2 + 13*k - 7. Let w be s(6). Let l(r) = -r**3 - r - 1. Let v(b) = w*y(b) + 2*l(b). Calculate v(6).
-15
Let w(j) = 3*j - j**2 - 113 - 114 + 335 - 109. Give w(3).
-1
Suppose -10*f + 0*f = -20. Let c(o) = 4*o - 1. What is c(f)?
7
Let n = 553 + -2211/4. Let k(w) be the first derivative of -5/3*w**3 - n*w**4 - 3/2*w**2 + 7 + 0*w. Calculate k(-4).
-4
Let k(w) = 6 + 24*w + 2*w - 31*w - 3 + w. Calculate k(4).
-13
Let h(k) = -2*k - 4 + 3 + 4. Let q(p) be the first derivative of p**3/3 + p**2/2 + 3*p + 8. Let a be q(-2). Calculate h(a).
-7
Suppose -59 = -2*r - 49. Let o(d) = 5*d**2 + 3*d + 4 + 5*d - 5*d - r*d - d**3. Calculate o(4).
12
Let b(z) be the third derivative of -z**8/20160 - z**7/1260 + z**5/10 - 17*z**2. Let m(o) be the third derivative of b(o). Give m(-5).
-5
Let j(x) = -66 - x**2 - x + 3*x**3 + 123 - 58 + 0*x. What is j(-1)?
-4
Suppose 28 = 4*x - 4*p, 5*x + p + 5 = -2*p. Let f(b) = 7 - b**2 - x*b - 2*b - 6. Determine f(-4).
1
Let t(d) = d**3 - 5*d**2 - 5*d + 1. Let u(c) = -7 + 2*c + 1 + 2*c**3 - c**2 - 3*c**3. Let y be (7 - (-11)/(-2))/((-1)/2). Let n be u(y). Calculate t(n).
7
Let r = -76 - -79. Suppose 0 = 4*f - p - 4, 2*f + 2*p + r*p = 2. Let t(a) = -5*a**2 - a + 1. Give t(f).
-5
Suppose 4 + 4 = 8*t. Let u be 1/(2/(-210)*-1). Let w(f) = -105*f + f**3 - 1 + u*f. What is w(t)?
0
Let t(a) = -4*a**2 - 15*a. Let q(d) = 5*d**2 + 20*d + 1. Let w(h) = 3*q(h) + 4*t(h). What is w(4)?
-13
Let j(t) be the first derivative of 0*t - 3 + 1/2*t**2 - 1/3*t**3. Determine j(0).
0
Let x(m) be the first derivative of -7/3*m**3 + 1/4*m**4 - 7*m + 4*m**2 + 5. Determine x(6).
5
Suppose 0 = 10*h - 12*h + 4. Let m(n) = -3 + n**3 - 8 - 12*n**2 + n + 3*n**h. Determine m(9).
-2
Let t(f) = 3*f - 4*f - 2*f - 3 + 5*f. Let x be (0 - 1) + (11 - 48/6). What is t(x)?
1
Let z(k) = 5*k - 26. Let i(q) = -14*q + 79. Let n(h) = 3*i(h) + 8*z(h). Let c be n(14). Let l(r) = -3*r + 1. Give l(c).
-2
Let m = -986 - -986. Let g(w) be the second derivative of w**3/6 - w**2 + w. Determine g(m).
-2
Let k = 8 - 1. Suppose 8 = -3*u + j, j - k = 2*u - 0. Let c(w) = -12*w + 1. Give c(u).
13
Let g(n) = -n - 12. Let b be 7/(-35) + (-99)/5. Let l(w) = -2*w. Let c be l(7). Let u = b - c. What is g(u)?
-6
Let l(n) be the second derivative of -n**5/20 - 7*n**2/2 + 24*n - 1. Let k(h) = -3*h + 2 + 2*h + 0*h. Let j be k(2). Determine l(j).
-7
Let k(n) = 7*n - 10*n - 12*n. Suppose 3*w = -w - 3*m + 8, 2*w = m - 6. Determine k(w).
15
Let v(a) = -45*a + 78*a - 31*a. What is v(4)?
8
Let f(v) = v**2 - 8*v + 11. Let p(k) = -6*k**3 - 16*k**2 - 20*k - 13. Let l(c) = -c**3 - c - 1. Let o(u) = 5*l(u) - p(u). Let y be o(-15). Calculate f(y).
11
Suppose -22*k = -17*k. Suppose -2*p + 8*p - 30 = k. Let j(r) = r**2 - 4*r. What is j(p)?
5
Let k(s) = -4*s**2 + 5*s**2 - 4*s - 23 + 27 + 3*s. What is k(-3)?
16
Suppose 37*m - 80 = 68. Let w(n) = n**2 + 5*n - 3. What is w(m)?
33
Let r(p) = p**2 + 2*p + 1. Let z be 1/(-10)*2 + (-9)/5. Let x be r(z). Let g(l) = -l**2 + l. What is g(x)?
0
Let g(n) = -2*n**2 - 3*n. Let f(h) = -h + 8. Let m be f(10). What is g(m)?
-2
Let y be (-34)/(-6) - (-2)/(-3). Suppose -6*q + y*q = 16. Let x(s) = -s**3 - 16*s**2. Let n be x(q). Let t(o) = o**3 - o**2 - 7. Determine t(n).
-7
Let l(c) = -c**2 - 2*c + 3. Let s be l(0). Suppose -16 = -7*o + s*o. Suppose o*b - 22 = -6. Let g(z) = z**3 - 3*z**2 - 6*z + 2. Calculate g(b).
-6
Let f(u) = -3*u**3 + 3*u**2. Let l(n) = -n**2 - 12*n + 2. Suppose 5*r + 0*p - 4*p = -154, r - 4*p = -34. Let x = -42 - r. Let i be l(x). Give f(i).
-12
Suppose -4*o - 14 = -x, -4*x - o + 5*o = -32. Let q be 5/(-10)*(x + -2). Let r = q + 3. Let i(y) = y**2 - y + 1. Give i(r).
1
Suppose -2*n - 1 = -n. Let y(k) be the second derivative of -k**5/4 - k**3/6 - k**2/2 - 9*k. Give y(n).
5
Let o(y) = 3*y - 2. Let k(b) = b**3 - 5*b**2 - 14*b + 3. Suppose 0 = 3*l - 20 - 1. Let w be k(l). What is o(w)?
7
Suppose 4 = 4*t, -2*t + 18 = 5*l + 6. Suppose 3*y = -3*x + 6, -l*y + 4*x + 1 + 3 = 0. Let h(g) = -y*g + 4*g**2 - g + 2 - g**3 - 1 + 7*g. What is h(5)?
-4
Suppose 4*l + 0*h - 5*h - 25 = 0, -5*h - 25 = -5*l. Let o = l - -4. Let s(m) = -5*m + 6*m**2 - o*m**2 - m**2 + 1. Calculate s(6).
7
Let b(y) = -y**2 - 6*y + 8. Let v be 21/14 + (-5)/2 + 3. Suppose -v*q - 5 = 9. What is b(q)?
1
Let z(o) = -5*o**2 + 2*o + 5. Let p(n) = 11*n**2 - 3*n - 12. Let x(d) = -4*p(d) - 9*z(d). Let t be 0 + 2 - (6 - 4). Suppose 4*k + k - 30 = t. What is x(k)?
3
Suppose 3*c = 7 + 8. Suppose 20 = 4*d + c*h, 9*d + 4 = 4*d + h. Suppose -k - 26 = -4*s + 4*k, 2*s - 4*k - 16 = d. Let f(w) = 2*w - 2. Calculate f(s).
6
Let g(f) = -70 + 20 + 38 - f. What is g(10)?
-22
Let y(z) = -2*z**2. Let g(u) = -u**2. Let t(l) = -3*g(l) - y(l). Suppose 2*j = 6*j - 4. Suppose b + 2 = j. Give t(b).
5
Let s(l) = -l**3 + 3*l**2 - l + 4. Let n be (-5 + 3)*3/(-2). Suppose -12 = -w + n*f, 4*w - 3*f - 11 = 10. Determine s(w).
1
Let p(o) = 14*o + 5*o**2 - o**3 + 7 + 0*o + 7*o**2 - o**2. Let a be p(12). Let d(l) = -50*l - 3 + 22*l + a*l. Give d(2).
3
Let b(s) = s**2 + 2*s + 8. Let g(y) = -2 - 2 + 5. Let u(x) = -b(x) + 5*g(x). Let w = 28 + -30. What is u(w)?
-3
Suppose 2*f = c - 10, 2*f - 16 = 6*f - 4*c. Let q(o) = 3*o + 8. Give q(f).
-10
Let x(y) = -y**2 + 13*y - 5. Suppose -5*w + 4*p = -71, -2*w + 7*w - 3*p = 67. What is x(w)?
17
Let d = 138 + -142. Let g(t) = 4*t**3 + 4*t**2 + 2*t + 6. Let i(s) = -5*s**3 - 4*s**2 - 2*s - 7. Let a(n) = -4*g(n) - 3*i(n). Give a(d).
5
Let k be 2/(-5) - (-34)/10. Let w(n) = 19*n - 17. Let z(u) = 7*u - 6. Let r(v) = 4*w(v) - 11*z(v). Determine r(k).
-5
Let x(a) = a**3 - a**2 - 3. Let b be x(3). Let y = 102 + -102. Suppose y = -13*w + b*w + 2. Let m(g) = -g**2 + g + 1. Give m(w).
-1
Let j(o) be the first derivative of -o**4/4 + 4*o**3/3 - o + 8. Suppose -2*i - 1 = -0*i - 5*u, -7 = -4*i + u. Determine j(i).
7
Suppose -2*d + 4*l - 64 = 92, 4*l = -5*d - 376. Let k be d/19 - (-1 + 1). Let m(j) = j. Give m(k).
-4
Let c be -3*8/(0 - -4). Suppose 0 = -2*f + 8. Let q(t) = f + 5*t + 0*t - 4*t. Calculate q(c).
-2
Let f(q) 